587 is divided by 18.
15
What is the remainder when 19687637 is divided by 46653?
71
Calculate the remainder when 14321149 is divided by 282.
61
What is the remainder when 2521212 is divided by 504235?
37
What is the remainder when 690143 is divided by 188?
183
What is the remainder when 47895 is divided by 20?
15
What is the remainder when 93022839 is divided by 53?
48
What is the remainder when 38077815 is divided by 202?
7
What is the remainder when 10770661 is divided by 1470?
1441
Calculate the remainder when 21385234 is divided by 114.
88
Calculate the remainder when 39887 is divided by 6557.
545
What is the remainder when 1522687 is divided by 604?
3
What is the remainder when 587428 is divided by 220?
28
Calculate the remainder when 499733 is divided by 10198.
31
Calculate the remainder when 4416741 is divided by 560.
21
Calculate the remainder when 913907 is divided by 476.
463
What is the remainder when 238520 is divided by 250?
20
What is the remainder when 25229 is divided by 346?
317
Calculate the remainder when 5955457 is divided by 1985135.
52
What is the remainder when 1828674 is divided by 609550?
24
Calculate the remainder when 690503 is divided by 345248.
7
What is the remainder when 2618531 is divided by 104737?
106
Calculate the remainder when 4334701 is divided by 973.
959
What is the remainder when 1037914 is divided by 148272?
10
Calculate the remainder when 28599 is divided by 1714.
1175
What is the remainder when 660309 is divided by 73262?
951
What is the remainder when 1049017577 is divided by 1508?
1505
What is the remainder when 5317865 is divided by 759694?
7
Calculate the remainder when 326100 is divided by 12456.
2244
What is the remainder when 21477 is divided by 1621?
404
What is the remainder when 199721 is divided by 47550?
9521
What is the remainder when 48428894 is divided by 2848756?
42
What is the remainder when 358723 is divided by 1229?
1084
What is the remainder when 192340 is divided by 26790?
4810
Calculate the remainder when 154486 is divided by 15428.
206
What is the remainder when 7583576 is divided by 1011?
65
What is the remainder when 773835 is divided by 5264?
27
Calculate the remainder when 840213 is divided by 27.
0
Calculate the remainder when 11967713 is divided by 2463.
2459
What is the remainder when 81513 is divided by 39329?
2855
What is the remainder when 18414652 is divided by 259?
11
What is the remainder when 24162 is divided by 3253?
1391
Calculate the remainder when 39727869 is divided by 83814.
33
Calculate the remainder when 36932929 is divided by 51.
4
What is the remainder when 10575047 is divided by 130556?
11
Calculate the remainder when 15021042 is divided by 368.
18
What is the remainder when 87218 is divided by 9680?
98
What is the remainder when 31465847 is divided by 3146578?
67
Calculate the remainder when 16782542 is divided by 89.
79
What is the remainder when 2171580 is divided by 6600?
180
What is the remainder when 124906361 is divided by 48?
41
What is the remainder when 114267 is divided by 237?
33
Calculate the remainder when 330545 is divided by 10648.
457
Calculate the remainder when 139372079 is divided by 19.
11
Calculate the remainder when 15240175 is divided by 5080031.
82
What is the remainder when 77912668 is divided by 3093?
3091
What is the remainder when 10236618 is divided by 640?
458
Calculate the remainder when 267334 is divided by 127.
126
Calculate the remainder when 37285 is divided by 1246.
1151
What is the remainder when 63140 is divided by 63025?
115
What is the remainder when 832317 is divided by 15?
12
What is the remainder when 52398 is divided by 5209?
308
What is the remainder when 1304107 is divided by 434700?
7
Calculate the remainder when 290148 is divided by 54.
6
Calculate the remainder when 58517492 is divided by 309.
308
Calculate the remainder when 932333 is divided by 75.
8
What is the remainder when 2831738 is divided by 24?
2
Calculate the remainder when 131557 is divided by 18755.
272
Calculate the remainder when 94407 is divided by 2052.
15
Calculate the remainder when 15893 is divided by 2269.
10
Calculate the remainder when 98157139 is divided by 5525.
5514
What is the remainder when 4159295 is divided by 29?
28
What is the remainder when 78033 is divided by 1482?
969
Calculate the remainder when 3231479 is divided by 269289.
11
Calculate the remainder when 15402274 is divided by 30.
4
What is the remainder when 417497231 is divided by 42?
11
Calculate the remainder when 9733007 is divided by 2174.
9
Calculate the remainder when 27046 is divided by 8585.
1291
What is the remainder when 5236491 is divided by 711?
687
What is the remainder when 243845 is divided by 586?
69
What is the remainder when 718478 is divided by 405?
8
Calculate the remainder when 144261368 is divided by 638.
636
Calculate the remainder when 5232367 is divided by 118.
11
What is the remainder when 682196 is divided by 8422?
14
Calculate the remainder when 9637721 is divided by 36232.
9
Calculate the remainder when 60604 is divided by 145.
139
Calculate the remainder when 786616 is divided by 782.
706
What is the remainder when 12642 is divided by 2322?
1032
What is the remainder when 360511 is divided by 674?
595
Calculate the remainder when 16215260 is divided by 9.
5
What is the remainder when 627347 is divided by 5652?
5627
What is the remainder when 22187679 is divided by 555?
444
Calculate the remainder when 3863195 is divided by 47.
30
Calculate the remainder when 6725342 is divided by 3362661.
20
Calculate the remainder when 6493304 is divided by 826.
118
What is the remainder when 633705 is divided by 427?
37
What is the remainder when 1210228 is divided by 8231?
271
Calculate the remainder when 341263 is divided by 113728.
79
Calculate the remainder when 5157547 is divided by 2578765.
17
What is the remainder when 30664818 is divided by 1533239?
38
What is the remainder when 6143906 is divided by 134?
6
Calculate the remainder when 7489201 is divided by 2496391.
28
Calculate the remainder when 354078 is divided by 354059.
19
Calculate the remainder when 10408195 is divided by 226265.
5
Calculate the remainder when 109786 is divided by 54428.
930
What is the remainder when 1653641 is divided by 150326?
55
Calculate the remainder when 673610 is divided by 29.
27
What is the remainder when 136363 is divided by 136342?
21
Calculate the remainder when 4137729 is divided by 1898.
89
Calculate the remainder when 77142553 is divided by 21.
19
What is the remainder when 45923419 is divided by 1583566?
5
What is the remainder when 8689 is divided by 1053?
265
What is the remainder when 11802042 is divided by 3933959?
165
Calculate the remainder when 2540798 is divided by 17.
12
What is the remainder when 80654 is divided by 150?
104
What is the remainder when 6374278 is divided by 242?
240
What is the remainder when 1358387 is divided by 778?
777
Calculate the remainder when 41608510 is divided by 2189.
2187
Calculate the remainder when 41084 is divided by 40851.
233
What is the remainder when 2510932 is divided by 1762?
82
What is the remainder when 245318 is divided by 36?
14
What is the remainder when 4134931 is divided by 3534?
151
Calculate the remainder when 1259835 is divided by 620.
615
Calculate the remainder when 48350 is divided by 1243.
1116
What is the remainder when 59267897 is divided by 9877976?
41
Calculate the remainder when 8634171 is divided by 852.
3
What is the remainder when 1994521 is divided by 30217?
199
Calculate the remainder when 3772543 is divided by 1767.
1765
Calculate the remainder when 1789274 is divided by 8520.
74
Calculate the remainder when 615211 is divided by 153800.
11
What is the remainder when 35002 is divided by 327?
13
Calculate the remainder when 293287 is divided by 2095.
2082
Calculate the remainder when 949139 is divided by 474569.
1
Calculate the remainder when 697470 is divided by 4912.
4878
What is the remainder when 328230 is divided by 1198?
1176
What is the remainder when 1759393 is divided by 15412?
2425
Calculate the remainder when 184720 is divided by 344.
336
What is the remainder when 843869 is divided by 7961?
3
Calculate the remainder when 87460907 is divided by 18.
5
What is the r